e
Let a(c) = 2*c**2 + 23*c - 5. Suppose -6*m + m + 320 = -4*v, -m + 4*v + 80 = 0. Let g be 20/(-3)*m/25. Is a(g) a composite number?
False
Is 6/(-27) - 57200/(-225) composite?
True
Let j = -4143 - -7736. Is j composite?
False
Suppose x - 1965 = -2*k - 4*x, 5*x + 15 = 0. Let s = k - 471. Let h = s + -202. Is h a composite number?
False
Let r = 8961 + -4780. Is r composite?
True
Suppose -4*y + 1056 = -4*t + 6*t, 0 = -3*t + y + 1570. Suppose q - 3*q = -t. Is q prime?
False
Suppose 3*f + 9 = 30. Let v = f - 5. Is (46 + 6)/(v/1) composite?
True
Let i(g) = 290*g**2 + 2*g - 17. Is i(3) a prime number?
False
Let r(t) = -t**3 - 3*t**2 + 3*t - 1. Let f be r(-4). Is -3*f/36 - 594/(-8) composite?
True
Let l(f) = -18*f**3 + 4*f**2 + 7*f + 2. Is l(-5) a prime number?
False
Suppose 3*n = -4*z + 510, 5*z - 5*n = 224 + 396. Suppose j + 2*j = -z. Let r = 787 + j. Is r prime?
False
Let j be 1/3*(-52512)/(-16). Let b = -2098 + j. Is (b/(-6))/((-6)/(-9)) prime?
True
Suppose 0 = h + 2*q - 7051, h + 9*q - 4*q = 7042. Is h prime?
True
Let w(x) = -2147*x + 33. Is w(-2) prime?
True
Let q = -27 + 29. Suppose -4*t = 5*c - 345, 3*t - 199 = q*c + 77. Suppose -4*w + 926 = -t. Is w a composite number?
True
Let y(j) = -88*j + 6. Let t be y(-8). Suppose -k = -2*m + 1411, -2*m = -m + 4*k - t. Is m prime?
False
Suppose 13*r - 32518 = 622175. Is r a composite number?
True
Suppose -9*h = -4*h - 4*n - 241743, 0 = n + 2. Is h a composite number?
True
Let t = -9 - -12. Suppose 30 - 6 = -t*u. Is (-141)/(-9) + u/12 a prime number?
False
Let j be (-12)/(-48) - (-62)/8. Suppose -j*m = -357 + 45. Is m a prime number?
False
Let s(q) = q**3 + 10*q**2 + 8*q - 9. Let k be s(-9). Let y(w) = w**2 + w + 149 + 3*w - 2*w - w. Is y(k) prime?
True
Let m = 22 + -19. Suppose 5*p = m*p + 1574. Is p composite?
False
Let b(v) = -16*v - 10. Let w be b(7). Let c = w + 223. Let z = c + -52. Is z prime?
False
Let t(n) = n**3 + 6*n**2 + n + 19. Let f(y) = -2*y**3 - 11*y**2 - 2*y - 38. Let z(a) = 2*f(a) + 5*t(a). Is z(-8) prime?
True
Let h(c) = 3 - 2 - 3 + 137*c. Is h(3) prime?
True
Let s be (-3)/5 + 132/(-30). Let f = 10 + s. Suppose f*d + 0*d - 285 = 0. Is d composite?
True
Suppose 2*z = -5*j + 2684, -1556 = -2*j - z - 483. Suppose 5*t - j = 2532. Is t a composite number?
True
Let c be 1751/(-119) + 2/(-7). Let s be ((-6)/(-4))/(2/8). Is 134/s - 10/c prime?
True
Let m = -1103 + 17436. Is m a composite number?
False
Suppose 0 = 5*d - 8*d + 6. Let b(z) = 6*z + 3. Let g be b(d). Is 9/(-6)*(-1490)/g a prime number?
True
Let p be (2 - (-137)/2)*-2. Let s = p - -268. Is s a composite number?
False
Let h(j) = 21*j**3 + 18*j**2 - 8*j + 6. Is h(5) prime?
True
Suppose -2726 - 2489 = -5*z. Is z composite?
True
Suppose 0 = -3*z + 2 + 4. Is 19911*4/12 - (z - 2) a composite number?
False
Suppose -p + 0 + 5 = 0, 2*p + 5896 = 2*f. Is f composite?
False
Suppose 0 = -4*q - q + w + 20, -w = 0. Suppose l - i = 664, -q*l + 2*i - i = -2668. Let r = l + -375. Is r a prime number?
True
Is (-7 - (-39756)/(-20))*(-5)/2 a composite number?
False
Suppose g - 3*g = -8. Let z = 1428 - 568. Suppose -3*v + 2*v + 2*r + 215 = 0, -r = -g*v + z. Is v prime?
False
Let i(t) = -262*t + 79. Is i(-10) a prime number?
True
Suppose -6*a + 2*a = 2*i - 308, -394 = -5*a + 2*i. Is ((-3614)/a)/((-2)/6 + 0) composite?
False
Let c be ((-359)/10 - (-2)/5)*-2. Let r = 142 - c. Is r a prime number?
True
Suppose -3*k = 3*y - 3222, 2*y + k = 4*y - 2133. Is y a composite number?
False
Suppose 7*o - 40 = 5*o. Let w = o + -17. Suppose k + 277 = 5*c, w*k + 281 = 2*c + 3*c. Is c prime?
False
Let y = -3615 + 7016. Is y composite?
True
Let c(z) = z**3 + 5*z**2 - 49*z + 9. Is c(8) composite?
False
Suppose -4*m + 4*n + 732 = 0, -4*n - 20 = n. Let l = -90 + m. Is l a composite number?
False
Suppose -2*w + 8 = 3*g, w - g + 0 = 4. Suppose p - w*h - 23 = 0, 0 = -2*p - 4*h - 3 - 11. Suppose -p*i + k = -k - 527, -k + 721 = 4*i. Is i prime?
True
Is 8 + -5*593930/(-50) prime?
False
Suppose -z = 4*z - 2*w - 29623, 4*z = 2*w + 23700. Is z composite?
False
Suppose 6 - 15 = -3*g. Let k(z) = 154*z**3 - z - 120*z**g + 190*z**3. Is k(1) prime?
True
Let g = 2032 + -1467. Is g prime?
False
Let b be 40/(-12)*27/(-15). Let m = -3 + 3. Suppose m = b*x - 0*x - 198. Is x a prime number?
False
Suppose -5*x + 10 = 4*f, 16 = 2*x - x - 2*f. Let m be (x/12)/((-2)/(-4)). Suppose -5*l = n - 105, 6 = l + 3*n - m. Is l composite?
True
Suppose -7*a + 46 = -5*a. Suppose a = 4*s - 3*s. Is s a composite number?
False
Let g = 35 - 31. Suppose -r - g*r - 20 = 0, -4*b + 460 = 4*r. Is b a composite number?
True
Suppose -l + 683 = -0*l - 3*m, 5 = -m. Suppose 378 = 2*r - l. Is r composite?
False
Suppose -p + 3 = 0, 4*p = -5*x + p + 9. Suppose -33*m + 26*m + 679 = x. Is m prime?
True
Let c = 11197 + 7032. Is c prime?
True
Let b = 83868 + -51869. Is b a prime number?
False
Let j(a) be the first derivative of 1/3*a**3 + 5 + 2*a + a**2. Is j(4) a prime number?
False
Is 1207356/78 - (-4)/52 prime?
False
Let w = 421 - -547. Let u = 5 + w. Is u composite?
True
Let a(y) = 64*y + 20089. Is a(0) composite?
False
Let x = -164 + 4513. Is x prime?
True
Let j be (-1)/3*-3 - -56. Suppose 2*z - j = 47. Let o = z - 33. Is o prime?
True
Let p be ((-2)/1)/(2 + (-6683)/3341). Suppose p = 4*i + 2086. Is i composite?
True
Let r = -5 - 8. Let y(c) = 6*c**2 + 13*c. Let g be y(r). Suppose -4*a - 69 = -g. Is a a composite number?
True
Let b = 422 + -1019. Is 1/(2/b*(-21)/28) prime?
False
Let j(s) = -7*s + 2. Let q be j(-2). Let o(p) = 13 + 9 + 13 + 7 + 20*p - 36. Is o(q) a prime number?
False
Let t = -7 - -16. Suppose -t = -4*h + 3. Suppose 3*i - 4*y - 981 = 0, 0 = -5*i - h*y + 4*y + 1652. Is i prime?
True
Suppose 7*c + t - 69811 = 2*c, 0 = c + 3*t - 13951. Is c prime?
True
Suppose -15 = -0*o - 5*o. Suppose o*g + 4 = 31. Let j(i) = 38*i - 13. Is j(g) a composite number?
True
Let v be -1 + 1 + (-6)/(-3) + 0. Let k(p) = 37*p**3 + p**2 - 3*p - 1. Is k(v) a prime number?
True
Let n = -409 + 4856. Is n prime?
True
Let z(x) = x**3 - 7*x**2 + 13*x - 16. Let u be z(-12). Is (-4)/10 + u/(-20) composite?
True
Is -53*(3 + -4)*263 a prime number?
False
Suppose -47 = -2*o + 2*m - 3*m, -o = m - 21. Is 897 + (-56)/o + 4/26 a composite number?
True
Suppose -7*q = -5103 - 9240. Is q a composite number?
True
Let i = -14 + 22. Suppose -9*d + i*d = -635. Is d composite?
True
Suppose -13*j - 117171 = -507028. Is j a composite number?
False
Suppose 2098 + 552 = 5*p. Let q = 13 - 28. Is (p/q)/(4/(-6)) a composite number?
False
Let v = 4122 - -4465. Is v prime?
False
Let r = 25 - 7. Suppose 7*l + 19085 = r*l. Is l a prime number?
False
Let x = 199 + -140. Let w = x + 4. Let i = 146 + w. Is i prime?
False
Let q = -37441 + 73734. Is q composite?
False
Let g(b) = 4*b**2 - 1. Let w be g(1). Let k be -2 + (12/w)/1. Suppose 0 = -5*x, 0 = k*c - x - 2*x - 142. Is c a composite number?
False
Let b(m) = 11*m**3 - 3*m**2 + 9*m + 2. Let x(f) = -54*f**3 + 16*f**2 - 46*f - 9. Let w(j) = -11*b(j) - 2*x(j). Is w(-3) composite?
True
Let k(a) = -a**3 + 5*a**2 + 9*a - 5. Let y be k(7). Is 4/10 + (-16344)/y a composite number?
False
Let v = -47 + 25. Let z(m) = m**2 + 11*m - 51. Is z(v) composite?
False
Let u = 13025 - 4948. Is u a prime number?
False
Let y(v) = -v**2 + 19*v - 18. Let u be y(18). Suppose 5*g + u*g = -c + 1776, -1746 = -c + 5*g. Is c composite?
True
Let u = 269 + -112. Is u composite?
False
Let n = 20 + -15. Suppose -n*p + 2421 + 2414 = 0. Is p a prime number?
True
Let a(u) = 67*u + 2. Let y(q) = -q**2 - 8*q - 5. Let s be y(-4). Is a(s) a composite number?
False
Let l = 11823 + 76820. Is l a prime number?
True
Let w(q) = 2*q**2 + 22*q + 20. Let h be w(-10). Suppose h = 4*m - 15*m + 10637. Is m a prime number?
True
Suppose 0 = -5*p - 3*d + 19327, -p + 4046 = d + 179. Is p composite?
False
Let d(a) = 2*a + 650*a**3 + 0*a + 1000*a**3 - 449*a**3 - 2. Is d(1) prime?
True
Let x = -5743 - -11306. Is x a composite number?
False
Let f(p) = -p**3 + 4*p**2 - 2*p + 3. Suppose -15 = 6*g - 69. Let o be g/15*(-40)/(-12). Is f(o) a prime number?
True
Let q = 5 + -6. Let u(j) = 211*j**2 + 3*j + 1. Is u(q) prime?
False
Let v(n) = -n**3 + 10*n**2 + 11*n - 25. Let h be v(11). Suppose 0 = 2*x + 4*q + 70, -126 = 3*x + x + q. Let f = h - x. Is f a composite number?
True
Let r = -76